{"id":7707,"date":"2022-05-30T19:26:04","date_gmt":"2022-05-30T17:26:04","guid":{"rendered":"https:\/\/musica.santjosep.org\/?post_type=tribe_events&#038;p=7707"},"modified":"2022-05-30T19:26:04","modified_gmt":"2022-05-30T17:26:04","slug":"maya-alexander-porter-en-vivo-en-social-point","status":"publish","type":"tribe_events","link":"https:\/\/musica.santjosep.org\/es\/concierto\/maya-alexander-porter-en-vivo-en-social-point\/","title":{"rendered":"Maya Alexander Porter, en vivo en Social Point"},"content":{"rendered":"<p>Social Point es uno de los puntos de encuentros donde se re\u00fane la gente al caer la tarde. Situado en la zona de Can Bellotera, su terraza alberga varios conciertos semanales y en esta ocasi\u00f3n recibe a la cantante norteamericana Maya Alexander Porter, que trae consigo un repertorio de versiones muy \u00edntimas con temas de Tina Turner, Amy Winhouse, Tracy Chapman\u2026 Le acompa\u00f1a a la guitarra Isaac Robles.<\/p>\n","protected":false},"excerpt":{"rendered":"<p>Social Point es uno de los puntos de encuentros donde se re\u00fane la gente al caer la tarde. Situado en la zona de Can Bellotera, su terraza alberga varios conciertos semanales y en esta ocasi\u00f3n recibe a la cantante norteamericana [&hellip;]<\/p>\n","protected":false},"author":2,"featured_media":7708,"template":"","meta":{"_acf_changed":false,"_tribe_events_status":"","_tribe_events_status_reason":"","_tribe_events_is_hybrid":"","_tribe_events_is_virtual":"","_tribe_events_virtual_video_source":"","_tribe_events_virtual_embed_video":"","_tribe_events_virtual_linked_button_text":"","_tribe_events_virtual_linked_button":"","_tribe_events_virtual_show_embed_at":"","_tribe_events_virtual_show_embed_to":[],"_tribe_events_virtual_show_on_event":"","_tribe_events_virtual_show_on_views":"","_tribe_events_virtual_url":"","footnotes":""},"tags":[],"tribe_events_cat":[29,15,50],"class_list":["post-7707","tribe_events","type-tribe_events","status-publish","has-post-thumbnail","hentry","tribe_events_cat-pop","tribe_events_cat-rock","tribe_events_cat-soul","cat_pop","cat_rock","cat_soul"],"acf":[],"yoast_head":"<!-- This site is optimized with the Yoast SEO plugin v26.6 - https:\/\/yoast.com\/wordpress\/plugins\/seo\/ -->\n<title>Maya Alexander Porter, en vivo en Social Point - Sant Josep \u00e9s m\u00fasica<\/title>\n<meta name=\"robots\" content=\"index, follow, max-snippet:-1, max-image-preview:large, max-video-preview:-1\" \/>\n<link rel=\"canonical\" href=\"https:\/\/musica.santjosep.org\/es\/concierto\/maya-alexander-porter-en-vivo-en-social-point\/\" \/>\n<meta property=\"og:locale\" content=\"es_ES\" \/>\n<meta property=\"og:type\" content=\"article\" \/>\n<meta property=\"og:title\" content=\"Maya Alexander Porter, en vivo en Social Point - Sant Josep \u00e9s m\u00fasica\" \/>\n<meta property=\"og:description\" content=\"Social Point es uno de los puntos de encuentros donde se re\u00fane la gente al caer la tarde. Situado en la zona de Can Bellotera, su terraza alberga varios conciertos semanales y en esta ocasi\u00f3n recibe a la cantante norteamericana [&hellip;]\" \/>\n<meta property=\"og:url\" content=\"https:\/\/musica.santjosep.org\/es\/concierto\/maya-alexander-porter-en-vivo-en-social-point\/\" \/>\n<meta property=\"og:site_name\" content=\"Sant Josep \u00e9s m\u00fasica\" \/>\n<meta property=\"article:publisher\" content=\"https:\/\/www.facebook.com\/Sant-Josep-s-Msica-105337042007790\" \/>\n<meta property=\"og:image\" content=\"https:\/\/musica.santjosep.org\/wp-content\/uploads\/2022\/05\/foto-maya-3rec.jpg\" \/>\n\t<meta property=\"og:image:width\" content=\"1400\" \/>\n\t<meta property=\"og:image:height\" content=\"933\" \/>\n\t<meta property=\"og:image:type\" content=\"image\/jpeg\" \/>\n<meta name=\"twitter:card\" content=\"summary_large_image\" \/>\n<meta name=\"twitter:site\" content=\"@MusicaSantJosep\" \/>\n<script type=\"application\/ld+json\" class=\"yoast-schema-graph\">{\"@context\":\"https:\/\/schema.org\",\"@graph\":[{\"@type\":\"WebPage\",\"@id\":\"https:\/\/musica.santjosep.org\/es\/concierto\/maya-alexander-porter-en-vivo-en-social-point\/\",\"url\":\"https:\/\/musica.santjosep.org\/es\/concierto\/maya-alexander-porter-en-vivo-en-social-point\/\",\"name\":\"Maya Alexander Porter, en vivo en Social Point - Sant Josep \u00e9s m\u00fasica\",\"isPartOf\":{\"@id\":\"https:\/\/musica.santjosep.org\/es\/#website\"},\"primaryImageOfPage\":{\"@id\":\"https:\/\/musica.santjosep.org\/es\/concierto\/maya-alexander-porter-en-vivo-en-social-point\/#primaryimage\"},\"image\":{\"@id\":\"https:\/\/musica.santjosep.org\/es\/concierto\/maya-alexander-porter-en-vivo-en-social-point\/#primaryimage\"},\"thumbnailUrl\":\"https:\/\/musica.santjosep.org\/wp-content\/uploads\/2022\/05\/foto-maya-3rec.jpg\",\"datePublished\":\"2022-05-30T17:26:04+00:00\",\"breadcrumb\":{\"@id\":\"https:\/\/musica.santjosep.org\/es\/concierto\/maya-alexander-porter-en-vivo-en-social-point\/#breadcrumb\"},\"inLanguage\":\"es\",\"potentialAction\":[{\"@type\":\"ReadAction\",\"target\":[\"https:\/\/musica.santjosep.org\/es\/concierto\/maya-alexander-porter-en-vivo-en-social-point\/\"]}]},{\"@type\":\"ImageObject\",\"inLanguage\":\"es\",\"@id\":\"https:\/\/musica.santjosep.org\/es\/concierto\/maya-alexander-porter-en-vivo-en-social-point\/#primaryimage\",\"url\":\"https:\/\/musica.santjosep.org\/wp-content\/uploads\/2022\/05\/foto-maya-3rec.jpg\",\"contentUrl\":\"https:\/\/musica.santjosep.org\/wp-content\/uploads\/2022\/05\/foto-maya-3rec.jpg\",\"width\":1400,\"height\":933},{\"@type\":\"BreadcrumbList\",\"@id\":\"https:\/\/musica.santjosep.org\/es\/concierto\/maya-alexander-porter-en-vivo-en-social-point\/#breadcrumb\",\"itemListElement\":[{\"@type\":\"ListItem\",\"position\":1,\"name\":\"Portada\",\"item\":\"https:\/\/musica.santjosep.org\/es\/\"},{\"@type\":\"ListItem\",\"position\":2,\"name\":\"Eventos\",\"item\":\"https:\/\/musica.santjosep.org\/es\/concerts\/\"},{\"@type\":\"ListItem\",\"position\":3,\"name\":\"Maya Alexander Porter, en vivo en Social Point\"}]},{\"@type\":\"WebSite\",\"@id\":\"https:\/\/musica.santjosep.org\/es\/#website\",\"url\":\"https:\/\/musica.santjosep.org\/es\/\",\"name\":\"Sant Josep \u00e9s m\u00fasica\",\"description\":\"Informaci\u00f3n actualizada de todos los conciertos, grupos y artistas que act\u00faen tanto en fiestas y festivales, como en establecimientos privados en el municipio de Sant Josep de sa Talaia\",\"publisher\":{\"@id\":\"https:\/\/musica.santjosep.org\/es\/#organization\"},\"potentialAction\":[{\"@type\":\"SearchAction\",\"target\":{\"@type\":\"EntryPoint\",\"urlTemplate\":\"https:\/\/musica.santjosep.org\/es\/?s={search_term_string}\"},\"query-input\":{\"@type\":\"PropertyValueSpecification\",\"valueRequired\":true,\"valueName\":\"search_term_string\"}}],\"inLanguage\":\"es\"},{\"@type\":\"Organization\",\"@id\":\"https:\/\/musica.santjosep.org\/es\/#organization\",\"name\":\"Sant Josep \u00e9s m\u00fasica\",\"url\":\"https:\/\/musica.santjosep.org\/es\/\",\"logo\":{\"@type\":\"ImageObject\",\"inLanguage\":\"es\",\"@id\":\"https:\/\/musica.santjosep.org\/es\/#\/schema\/logo\/image\/\",\"url\":\"https:\/\/musica.santjosep.org\/wp-content\/uploads\/2022\/01\/logo-SJEM.png\",\"contentUrl\":\"https:\/\/musica.santjosep.org\/wp-content\/uploads\/2022\/01\/logo-SJEM.png\",\"width\":213,\"height\":103,\"caption\":\"Sant Josep \u00e9s m\u00fasica\"},\"image\":{\"@id\":\"https:\/\/musica.santjosep.org\/es\/#\/schema\/logo\/image\/\"},\"sameAs\":[\"https:\/\/www.facebook.com\/Sant-Josep-s-Msica-105337042007790\",\"https:\/\/x.com\/MusicaSantJosep\",\"https:\/\/www.instagram.com\/musicasantjosep\/\",\"https:\/\/www.youtube.com\/channel\/UCBSLSUpqfrfsiOMVslmZEJA\"]}]}<\/script>\n<!-- \/ Yoast SEO plugin. -->","yoast_head_json":{"title":"Maya Alexander Porter, en vivo en Social Point - Sant Josep \u00e9s m\u00fasica","robots":{"index":"index","follow":"follow","max-snippet":"max-snippet:-1","max-image-preview":"max-image-preview:large","max-video-preview":"max-video-preview:-1"},"canonical":"https:\/\/musica.santjosep.org\/es\/concierto\/maya-alexander-porter-en-vivo-en-social-point\/","og_locale":"es_ES","og_type":"article","og_title":"Maya Alexander Porter, en vivo en Social Point - Sant Josep \u00e9s m\u00fasica","og_description":"Social Point es uno de los puntos de encuentros donde se re\u00fane la gente al caer la tarde. Situado en la zona de Can Bellotera, su terraza alberga varios conciertos semanales y en esta ocasi\u00f3n recibe a la cantante norteamericana [&hellip;]","og_url":"https:\/\/musica.santjosep.org\/es\/concierto\/maya-alexander-porter-en-vivo-en-social-point\/","og_site_name":"Sant Josep \u00e9s m\u00fasica","article_publisher":"https:\/\/www.facebook.com\/Sant-Josep-s-Msica-105337042007790","og_image":[{"width":1400,"height":933,"url":"https:\/\/musica.santjosep.org\/wp-content\/uploads\/2022\/05\/foto-maya-3rec.jpg","type":"image\/jpeg"}],"twitter_card":"summary_large_image","twitter_site":"@MusicaSantJosep","schema":{"@context":"https:\/\/schema.org","@graph":[{"@type":"WebPage","@id":"https:\/\/musica.santjosep.org\/es\/concierto\/maya-alexander-porter-en-vivo-en-social-point\/","url":"https:\/\/musica.santjosep.org\/es\/concierto\/maya-alexander-porter-en-vivo-en-social-point\/","name":"Maya Alexander Porter, en vivo en Social Point - Sant Josep \u00e9s m\u00fasica","isPartOf":{"@id":"https:\/\/musica.santjosep.org\/es\/#website"},"primaryImageOfPage":{"@id":"https:\/\/musica.santjosep.org\/es\/concierto\/maya-alexander-porter-en-vivo-en-social-point\/#primaryimage"},"image":{"@id":"https:\/\/musica.santjosep.org\/es\/concierto\/maya-alexander-porter-en-vivo-en-social-point\/#primaryimage"},"thumbnailUrl":"https:\/\/musica.santjosep.org\/wp-content\/uploads\/2022\/05\/foto-maya-3rec.jpg","datePublished":"2022-05-30T17:26:04+00:00","breadcrumb":{"@id":"https:\/\/musica.santjosep.org\/es\/concierto\/maya-alexander-porter-en-vivo-en-social-point\/#breadcrumb"},"inLanguage":"es","potentialAction":[{"@type":"ReadAction","target":["https:\/\/musica.santjosep.org\/es\/concierto\/maya-alexander-porter-en-vivo-en-social-point\/"]}]},{"@type":"ImageObject","inLanguage":"es","@id":"https:\/\/musica.santjosep.org\/es\/concierto\/maya-alexander-porter-en-vivo-en-social-point\/#primaryimage","url":"https:\/\/musica.santjosep.org\/wp-content\/uploads\/2022\/05\/foto-maya-3rec.jpg","contentUrl":"https:\/\/musica.santjosep.org\/wp-content\/uploads\/2022\/05\/foto-maya-3rec.jpg","width":1400,"height":933},{"@type":"BreadcrumbList","@id":"https:\/\/musica.santjosep.org\/es\/concierto\/maya-alexander-porter-en-vivo-en-social-point\/#breadcrumb","itemListElement":[{"@type":"ListItem","position":1,"name":"Portada","item":"https:\/\/musica.santjosep.org\/es\/"},{"@type":"ListItem","position":2,"name":"Eventos","item":"https:\/\/musica.santjosep.org\/es\/concerts\/"},{"@type":"ListItem","position":3,"name":"Maya Alexander Porter, en vivo en Social Point"}]},{"@type":"WebSite","@id":"https:\/\/musica.santjosep.org\/es\/#website","url":"https:\/\/musica.santjosep.org\/es\/","name":"Sant Josep \u00e9s m\u00fasica","description":"Informaci\u00f3n actualizada de todos los conciertos, grupos y artistas que act\u00faen tanto en fiestas y festivales, como en establecimientos privados en el municipio de Sant Josep de sa Talaia","publisher":{"@id":"https:\/\/musica.santjosep.org\/es\/#organization"},"potentialAction":[{"@type":"SearchAction","target":{"@type":"EntryPoint","urlTemplate":"https:\/\/musica.santjosep.org\/es\/?s={search_term_string}"},"query-input":{"@type":"PropertyValueSpecification","valueRequired":true,"valueName":"search_term_string"}}],"inLanguage":"es"},{"@type":"Organization","@id":"https:\/\/musica.santjosep.org\/es\/#organization","name":"Sant Josep \u00e9s m\u00fasica","url":"https:\/\/musica.santjosep.org\/es\/","logo":{"@type":"ImageObject","inLanguage":"es","@id":"https:\/\/musica.santjosep.org\/es\/#\/schema\/logo\/image\/","url":"https:\/\/musica.santjosep.org\/wp-content\/uploads\/2022\/01\/logo-SJEM.png","contentUrl":"https:\/\/musica.santjosep.org\/wp-content\/uploads\/2022\/01\/logo-SJEM.png","width":213,"height":103,"caption":"Sant Josep \u00e9s m\u00fasica"},"image":{"@id":"https:\/\/musica.santjosep.org\/es\/#\/schema\/logo\/image\/"},"sameAs":["https:\/\/www.facebook.com\/Sant-Josep-s-Msica-105337042007790","https:\/\/x.com\/MusicaSantJosep","https:\/\/www.instagram.com\/musicasantjosep\/","https:\/\/www.youtube.com\/channel\/UCBSLSUpqfrfsiOMVslmZEJA"]}]}},"_links":{"self":[{"href":"https:\/\/musica.santjosep.org\/es\/wp-json\/wp\/v2\/tribe_events\/7707","targetHints":{"allow":["GET"]}}],"collection":[{"href":"https:\/\/musica.santjosep.org\/es\/wp-json\/wp\/v2\/tribe_events"}],"about":[{"href":"https:\/\/musica.santjosep.org\/es\/wp-json\/wp\/v2\/types\/tribe_events"}],"author":[{"embeddable":true,"href":"https:\/\/musica.santjosep.org\/es\/wp-json\/wp\/v2\/users\/2"}],"version-history":[{"count":0,"href":"https:\/\/musica.santjosep.org\/es\/wp-json\/wp\/v2\/tribe_events\/7707\/revisions"}],"wp:featuredmedia":[{"embeddable":true,"href":"https:\/\/musica.santjosep.org\/es\/wp-json\/wp\/v2\/media\/7708"}],"wp:attachment":[{"href":"https:\/\/musica.santjosep.org\/es\/wp-json\/wp\/v2\/media?parent=7707"}],"wp:term":[{"taxonomy":"post_tag","embeddable":true,"href":"https:\/\/musica.santjosep.org\/es\/wp-json\/wp\/v2\/tags?post=7707"},{"taxonomy":"tribe_events_cat","embeddable":true,"href":"https:\/\/musica.santjosep.org\/es\/wp-json\/wp\/v2\/tribe_events_cat?post=7707"}],"curies":[{"name":"wp","href":"https:\/\/api.w.org\/{rel}","templated":true}]}}

<p>Social Point es uno de los puntos de encuentros donde se reúne la gente al caer la tarde. Situado en la zona de Can Bellotera, su terraza alberga varios conciertos semanales y en esta ocasión recibe a la cantante norteamericana Maya Alexander Porter, que trae consigo un repertorio de versiones muy íntimas con temas de Tina Turner, Amy Winhouse, Tracy Chapman… Le acompaña a la guitarra Isaac Robles.</p>

<p>Social Point es uno de los puntos de encuentros donde se reúne la gente al caer la tarde. Situado en la zona de Can Bellotera, su terraza alberga varios conciertos semanales y en esta ocasión recibe a la cantante norteamericana [&hellip;]</p>

<!-- This site is optimized with the Yoast SEO plugin v26.6 - https://yoast.com/wordpress/plugins/seo/ -->
<title>Maya Alexander Porter, en vivo en Social Point - Sant Josep és música</title>
<meta name="robots" content="index, follow, max-snippet:-1, max-image-preview:large, max-video-preview:-1" />
<link rel="canonical" href="https://musica.santjosep.org/es/concierto/maya-alexander-porter-en-vivo-en-social-point/" />
<meta property="og:locale" content="es_ES" />
<meta property="og:type" content="article" />
<meta property="og:title" content="Maya Alexander Porter, en vivo en Social Point - Sant Josep és música" />
<meta property="og:description" content="Social Point es uno de los puntos de encuentros donde se reúne la gente al caer la tarde. Situado en la zona de Can Bellotera, su terraza alberga varios conciertos semanales y en esta ocasión recibe a la cantante norteamericana [&hellip;]" />
<meta property="og:url" content="https://musica.santjosep.org/es/concierto/maya-alexander-porter-en-vivo-en-social-point/" />
<meta property="og:site_name" content="Sant Josep és música" />
<meta property="article:publisher" content="https://www.facebook.com/Sant-Josep-s-Msica-105337042007790" />
<meta property="og:image" content="https://musica.santjosep.org/wp-content/uploads/2022/05/foto-maya-3rec.jpg" />
	<meta property="og:image:width" content="1400" />
	<meta property="og:image:height" content="933" />
	<meta property="og:image:type" content="image/jpeg" />
<meta name="twitter:card" content="summary_large_image" />
<meta name="twitter:site" content="@MusicaSantJosep" />
<script type="application/ld+json" class="yoast-schema-graph">{"@context":"https://schema.org","@graph":[{"@type":"WebPage","@id":"https://musica.santjosep.org/es/concierto/maya-alexander-porter-en-vivo-en-social-point/","url":"https://musica.santjosep.org/es/concierto/maya-alexander-porter-en-vivo-en-social-point/","name":"Maya Alexander Porter, en vivo en Social Point - Sant Josep és música","isPartOf":{"@id":"https://musica.santjosep.org/es/#website"},"primaryImageOfPage":{"@id":"https://musica.santjosep.org/es/concierto/maya-alexander-porter-en-vivo-en-social-point/#primaryimage"},"image":{"@id":"https://musica.santjosep.org/es/concierto/maya-alexander-porter-en-vivo-en-social-point/#primaryimage"},"thumbnailUrl":"https://musica.santjosep.org/wp-content/uploads/2022/05/foto-maya-3rec.jpg","datePublished":"2022-05-30T17:26:04+00:00","breadcrumb":{"@id":"https://musica.santjosep.org/es/concierto/maya-alexander-porter-en-vivo-en-social-point/#breadcrumb"},"inLanguage":"es","potentialAction":[{"@type":"ReadAction","target":["https://musica.santjosep.org/es/concierto/maya-alexander-porter-en-vivo-en-social-point/"]}]},{"@type":"ImageObject","inLanguage":"es","@id":"https://musica.santjosep.org/es/concierto/maya-alexander-porter-en-vivo-en-social-point/#primaryimage","url":"https://musica.santjosep.org/wp-content/uploads/2022/05/foto-maya-3rec.jpg","contentUrl":"https://musica.santjosep.org/wp-content/uploads/2022/05/foto-maya-3rec.jpg","width":1400,"height":933},{"@type":"BreadcrumbList","@id":"https://musica.santjosep.org/es/concierto/maya-alexander-porter-en-vivo-en-social-point/#breadcrumb","itemListElement":[{"@type":"ListItem","position":1,"name":"Portada","item":"https://musica.santjosep.org/es/"},{"@type":"ListItem","position":2,"name":"Eventos","item":"https://musica.santjosep.org/es/concerts/"},{"@type":"ListItem","position":3,"name":"Maya Alexander Porter, en vivo en Social Point"}]},{"@type":"WebSite","@id":"https://musica.santjosep.org/es/#website","url":"https://musica.santjosep.org/es/","name":"Sant Josep és música","description":"Información actualizada de todos los conciertos, grupos y artistas que actúen tanto en fiestas y festivales, como en establecimientos privados en el municipio de Sant Josep de sa Talaia","publisher":{"@id":"https://musica.santjosep.org/es/#organization"},"potentialAction":[{"@type":"SearchAction","target":{"@type":"EntryPoint","urlTemplate":"https://musica.santjosep.org/es/?s={search_term_string}"},"query-input":{"@type":"PropertyValueSpecification","valueRequired":true,"valueName":"search_term_string"}}],"inLanguage":"es"},{"@type":"Organization","@id":"https://musica.santjosep.org/es/#organization","name":"Sant Josep és música","url":"https://musica.santjosep.org/es/","logo":{"@type":"ImageObject","inLanguage":"es","@id":"https://musica.santjosep.org/es/#/schema/logo/image/","url":"https://musica.santjosep.org/wp-content/uploads/2022/01/logo-SJEM.png","contentUrl":"https://musica.santjosep.org/wp-content/uploads/2022/01/logo-SJEM.png","width":213,"height":103,"caption":"Sant Josep és música"},"image":{"@id":"https://musica.santjosep.org/es/#/schema/logo/image/"},"sameAs":["https://www.facebook.com/Sant-Josep-s-Msica-105337042007790","https://x.com/MusicaSantJosep","https://www.instagram.com/musicasantjosep/","https://www.youtube.com/channel/UCBSLSUpqfrfsiOMVslmZEJA"]}]}</script>
<!-- / Yoast SEO plugin. -->

Maya Alexander Porter, en vivo en Social Point - Sant Josep és música

Social Point es uno de los puntos de encuentros donde se reúne la gente al caer la tarde. Situado en la zona de Can Bellotera, su terraza alberga varios conciertos semanales y en esta ocasión recibe a la cantante norteamericana [&hellip;]

Sant Josep és música

Información actualizada de todos los conciertos, grupos y artistas que actúen tanto en fiestas y festivales, como en establecimientos privados en el municipio de Sant Josep de sa Talaia
