{"id":25841,"date":"2023-08-01T18:00:53","date_gmt":"2023-08-01T16:00:53","guid":{"rendered":"https:\/\/musica.santjosep.org\/?post_type=tribe_events&#038;p=25841"},"modified":"2023-08-01T18:00:53","modified_gmt":"2023-08-01T16:00:53","slug":"el-rock-de-marc-riera-vuelve-al-escenario-de-coyote-en-sant-josep","status":"publish","type":"tribe_events","link":"https:\/\/musica.santjosep.org\/es\/concierto\/el-rock-de-marc-riera-vuelve-al-escenario-de-coyote-en-sant-josep\/","title":{"rendered":"El rock de Marc Riera vuelve al escenario de Coyote, en Sant Josep"},"content":{"rendered":"<p>El cantante ibicenco de rock Marc Riera es el artista elegido por el restaurante Coyote, en el centro de Sant Josep, para animar la noche del jueves. Riera es el vocalista del famoso grupo granadino Azrael, conocido en todo el pa\u00eds, y ofrecer\u00e1 versiones de cl\u00e1sicos intemporales del rock duro y algunas sorpresas. Riera destaca por la habilidad con la guitarra y la potencia de su voz y en Ibiza tambi\u00e9n act\u00faa con grupos como Thre3vil o MRC, entre otros.<\/p>\n","protected":false},"excerpt":{"rendered":"<p>El cantante ibicenco de rock Marc Riera es el artista elegido por el restaurante Coyote, en el centro de Sant Josep, para animar la noche del jueves. Riera es el vocalista del famoso grupo granadino Azrael, conocido en todo el [&hellip;]<\/p>\n","protected":false},"author":2,"featured_media":25724,"template":"","meta":{"_acf_changed":false,"_tribe_events_status":"","_tribe_events_status_reason":"","_tribe_events_is_hybrid":"","_tribe_events_is_virtual":"","_tribe_events_virtual_video_source":"","_tribe_events_virtual_embed_video":"","_tribe_events_virtual_linked_button_text":"","_tribe_events_virtual_linked_button":"","_tribe_events_virtual_show_embed_at":"","_tribe_events_virtual_show_embed_to":[],"_tribe_events_virtual_show_on_event":"","_tribe_events_virtual_show_on_views":"","_tribe_events_virtual_url":"","footnotes":""},"tags":[],"tribe_events_cat":[15],"class_list":["post-25841","tribe_events","type-tribe_events","status-publish","has-post-thumbnail","hentry","tribe_events_cat-rock","cat_rock"],"acf":[],"yoast_head":"<!-- This site is optimized with the Yoast SEO plugin v26.6 - https:\/\/yoast.com\/wordpress\/plugins\/seo\/ -->\n<title>El rock de Marc Riera vuelve al escenario de Coyote, en Sant Josep - Sant Josep \u00e9s m\u00fasica<\/title>\n<meta name=\"robots\" content=\"index, follow, max-snippet:-1, max-image-preview:large, max-video-preview:-1\" \/>\n<link rel=\"canonical\" href=\"https:\/\/musica.santjosep.org\/es\/concierto\/el-rock-de-marc-riera-vuelve-al-escenario-de-coyote-en-sant-josep\/\" \/>\n<meta property=\"og:locale\" content=\"es_ES\" \/>\n<meta property=\"og:type\" content=\"article\" \/>\n<meta property=\"og:title\" content=\"El rock de Marc Riera vuelve al escenario de Coyote, en Sant Josep - Sant Josep \u00e9s m\u00fasica\" \/>\n<meta property=\"og:description\" content=\"El cantante ibicenco de rock Marc Riera es el artista elegido por el restaurante Coyote, en el centro de Sant Josep, para animar la noche del jueves. Riera es el vocalista del famoso grupo granadino Azrael, conocido en todo el [&hellip;]\" \/>\n<meta property=\"og:url\" content=\"https:\/\/musica.santjosep.org\/es\/concierto\/el-rock-de-marc-riera-vuelve-al-escenario-de-coyote-en-sant-josep\/\" \/>\n<meta property=\"og:site_name\" content=\"Sant Josep \u00e9s m\u00fasica\" \/>\n<meta property=\"article:publisher\" content=\"https:\/\/www.facebook.com\/Sant-Josep-s-Msica-105337042007790\" \/>\n<meta property=\"og:image\" content=\"https:\/\/musica.santjosep.org\/wp-content\/uploads\/2023\/08\/Marc-Riera-4.jpg\" \/>\n\t<meta property=\"og:image:width\" content=\"1400\" \/>\n\t<meta property=\"og:image:height\" content=\"934\" \/>\n\t<meta property=\"og:image:type\" content=\"image\/jpeg\" \/>\n<meta name=\"twitter:card\" content=\"summary_large_image\" \/>\n<meta name=\"twitter:site\" content=\"@MusicaSantJosep\" \/>\n<meta name=\"twitter:label1\" content=\"Tiempo de lectura\" \/>\n\t<meta name=\"twitter:data1\" content=\"1 minuto\" \/>\n<script type=\"application\/ld+json\" class=\"yoast-schema-graph\">{\"@context\":\"https:\/\/schema.org\",\"@graph\":[{\"@type\":\"WebPage\",\"@id\":\"https:\/\/musica.santjosep.org\/es\/concierto\/el-rock-de-marc-riera-vuelve-al-escenario-de-coyote-en-sant-josep\/\",\"url\":\"https:\/\/musica.santjosep.org\/es\/concierto\/el-rock-de-marc-riera-vuelve-al-escenario-de-coyote-en-sant-josep\/\",\"name\":\"El rock de Marc Riera vuelve al escenario de Coyote, en Sant Josep - Sant Josep \u00e9s m\u00fasica\",\"isPartOf\":{\"@id\":\"https:\/\/musica.santjosep.org\/es\/#website\"},\"primaryImageOfPage\":{\"@id\":\"https:\/\/musica.santjosep.org\/es\/concierto\/el-rock-de-marc-riera-vuelve-al-escenario-de-coyote-en-sant-josep\/#primaryimage\"},\"image\":{\"@id\":\"https:\/\/musica.santjosep.org\/es\/concierto\/el-rock-de-marc-riera-vuelve-al-escenario-de-coyote-en-sant-josep\/#primaryimage\"},\"thumbnailUrl\":\"https:\/\/musica.santjosep.org\/wp-content\/uploads\/2023\/08\/Marc-Riera-4.jpg\",\"datePublished\":\"2023-08-01T16:00:53+00:00\",\"breadcrumb\":{\"@id\":\"https:\/\/musica.santjosep.org\/es\/concierto\/el-rock-de-marc-riera-vuelve-al-escenario-de-coyote-en-sant-josep\/#breadcrumb\"},\"inLanguage\":\"es\",\"potentialAction\":[{\"@type\":\"ReadAction\",\"target\":[\"https:\/\/musica.santjosep.org\/es\/concierto\/el-rock-de-marc-riera-vuelve-al-escenario-de-coyote-en-sant-josep\/\"]}]},{\"@type\":\"ImageObject\",\"inLanguage\":\"es\",\"@id\":\"https:\/\/musica.santjosep.org\/es\/concierto\/el-rock-de-marc-riera-vuelve-al-escenario-de-coyote-en-sant-josep\/#primaryimage\",\"url\":\"https:\/\/musica.santjosep.org\/wp-content\/uploads\/2023\/08\/Marc-Riera-4.jpg\",\"contentUrl\":\"https:\/\/musica.santjosep.org\/wp-content\/uploads\/2023\/08\/Marc-Riera-4.jpg\",\"width\":1400,\"height\":934,\"caption\":\"Joan F. Ribas\"},{\"@type\":\"BreadcrumbList\",\"@id\":\"https:\/\/musica.santjosep.org\/es\/concierto\/el-rock-de-marc-riera-vuelve-al-escenario-de-coyote-en-sant-josep\/#breadcrumb\",\"itemListElement\":[{\"@type\":\"ListItem\",\"position\":1,\"name\":\"Portada\",\"item\":\"https:\/\/musica.santjosep.org\/es\/\"},{\"@type\":\"ListItem\",\"position\":2,\"name\":\"Eventos\",\"item\":\"https:\/\/musica.santjosep.org\/es\/concerts\/\"},{\"@type\":\"ListItem\",\"position\":3,\"name\":\"El rock de Marc Riera vuelve al escenario de Coyote, en Sant Josep\"}]},{\"@type\":\"WebSite\",\"@id\":\"https:\/\/musica.santjosep.org\/es\/#website\",\"url\":\"https:\/\/musica.santjosep.org\/es\/\",\"name\":\"Sant Josep \u00e9s m\u00fasica\",\"description\":\"Informaci\u00f3n actualizada de todos los conciertos, grupos y artistas que act\u00faen tanto en fiestas y festivales, como en establecimientos privados en el municipio de Sant Josep de sa Talaia\",\"publisher\":{\"@id\":\"https:\/\/musica.santjosep.org\/es\/#organization\"},\"potentialAction\":[{\"@type\":\"SearchAction\",\"target\":{\"@type\":\"EntryPoint\",\"urlTemplate\":\"https:\/\/musica.santjosep.org\/es\/?s={search_term_string}\"},\"query-input\":{\"@type\":\"PropertyValueSpecification\",\"valueRequired\":true,\"valueName\":\"search_term_string\"}}],\"inLanguage\":\"es\"},{\"@type\":\"Organization\",\"@id\":\"https:\/\/musica.santjosep.org\/es\/#organization\",\"name\":\"Sant Josep \u00e9s m\u00fasica\",\"url\":\"https:\/\/musica.santjosep.org\/es\/\",\"logo\":{\"@type\":\"ImageObject\",\"inLanguage\":\"es\",\"@id\":\"https:\/\/musica.santjosep.org\/es\/#\/schema\/logo\/image\/\",\"url\":\"https:\/\/musica.santjosep.org\/wp-content\/uploads\/2022\/01\/logo-SJEM.png\",\"contentUrl\":\"https:\/\/musica.santjosep.org\/wp-content\/uploads\/2022\/01\/logo-SJEM.png\",\"width\":213,\"height\":103,\"caption\":\"Sant Josep \u00e9s m\u00fasica\"},\"image\":{\"@id\":\"https:\/\/musica.santjosep.org\/es\/#\/schema\/logo\/image\/\"},\"sameAs\":[\"https:\/\/www.facebook.com\/Sant-Josep-s-Msica-105337042007790\",\"https:\/\/x.com\/MusicaSantJosep\",\"https:\/\/www.instagram.com\/musicasantjosep\/\",\"https:\/\/www.youtube.com\/channel\/UCBSLSUpqfrfsiOMVslmZEJA\"]}]}<\/script>\n<!-- \/ Yoast SEO plugin. -->","yoast_head_json":{"title":"El rock de Marc Riera vuelve al escenario de Coyote, en Sant Josep - Sant Josep \u00e9s m\u00fasica","robots":{"index":"index","follow":"follow","max-snippet":"max-snippet:-1","max-image-preview":"max-image-preview:large","max-video-preview":"max-video-preview:-1"},"canonical":"https:\/\/musica.santjosep.org\/es\/concierto\/el-rock-de-marc-riera-vuelve-al-escenario-de-coyote-en-sant-josep\/","og_locale":"es_ES","og_type":"article","og_title":"El rock de Marc Riera vuelve al escenario de Coyote, en Sant Josep - Sant Josep \u00e9s m\u00fasica","og_description":"El cantante ibicenco de rock Marc Riera es el artista elegido por el restaurante Coyote, en el centro de Sant Josep, para animar la noche del jueves. Riera es el vocalista del famoso grupo granadino Azrael, conocido en todo el [&hellip;]","og_url":"https:\/\/musica.santjosep.org\/es\/concierto\/el-rock-de-marc-riera-vuelve-al-escenario-de-coyote-en-sant-josep\/","og_site_name":"Sant Josep \u00e9s m\u00fasica","article_publisher":"https:\/\/www.facebook.com\/Sant-Josep-s-Msica-105337042007790","og_image":[{"width":1400,"height":934,"url":"https:\/\/musica.santjosep.org\/wp-content\/uploads\/2023\/08\/Marc-Riera-4.jpg","type":"image\/jpeg"}],"twitter_card":"summary_large_image","twitter_site":"@MusicaSantJosep","twitter_misc":{"Tiempo de lectura":"1 minuto"},"schema":{"@context":"https:\/\/schema.org","@graph":[{"@type":"WebPage","@id":"https:\/\/musica.santjosep.org\/es\/concierto\/el-rock-de-marc-riera-vuelve-al-escenario-de-coyote-en-sant-josep\/","url":"https:\/\/musica.santjosep.org\/es\/concierto\/el-rock-de-marc-riera-vuelve-al-escenario-de-coyote-en-sant-josep\/","name":"El rock de Marc Riera vuelve al escenario de Coyote, en Sant Josep - Sant Josep \u00e9s m\u00fasica","isPartOf":{"@id":"https:\/\/musica.santjosep.org\/es\/#website"},"primaryImageOfPage":{"@id":"https:\/\/musica.santjosep.org\/es\/concierto\/el-rock-de-marc-riera-vuelve-al-escenario-de-coyote-en-sant-josep\/#primaryimage"},"image":{"@id":"https:\/\/musica.santjosep.org\/es\/concierto\/el-rock-de-marc-riera-vuelve-al-escenario-de-coyote-en-sant-josep\/#primaryimage"},"thumbnailUrl":"https:\/\/musica.santjosep.org\/wp-content\/uploads\/2023\/08\/Marc-Riera-4.jpg","datePublished":"2023-08-01T16:00:53+00:00","breadcrumb":{"@id":"https:\/\/musica.santjosep.org\/es\/concierto\/el-rock-de-marc-riera-vuelve-al-escenario-de-coyote-en-sant-josep\/#breadcrumb"},"inLanguage":"es","potentialAction":[{"@type":"ReadAction","target":["https:\/\/musica.santjosep.org\/es\/concierto\/el-rock-de-marc-riera-vuelve-al-escenario-de-coyote-en-sant-josep\/"]}]},{"@type":"ImageObject","inLanguage":"es","@id":"https:\/\/musica.santjosep.org\/es\/concierto\/el-rock-de-marc-riera-vuelve-al-escenario-de-coyote-en-sant-josep\/#primaryimage","url":"https:\/\/musica.santjosep.org\/wp-content\/uploads\/2023\/08\/Marc-Riera-4.jpg","contentUrl":"https:\/\/musica.santjosep.org\/wp-content\/uploads\/2023\/08\/Marc-Riera-4.jpg","width":1400,"height":934,"caption":"Joan F. Ribas"},{"@type":"BreadcrumbList","@id":"https:\/\/musica.santjosep.org\/es\/concierto\/el-rock-de-marc-riera-vuelve-al-escenario-de-coyote-en-sant-josep\/#breadcrumb","itemListElement":[{"@type":"ListItem","position":1,"name":"Portada","item":"https:\/\/musica.santjosep.org\/es\/"},{"@type":"ListItem","position":2,"name":"Eventos","item":"https:\/\/musica.santjosep.org\/es\/concerts\/"},{"@type":"ListItem","position":3,"name":"El rock de Marc Riera vuelve al escenario de Coyote, en Sant Josep"}]},{"@type":"WebSite","@id":"https:\/\/musica.santjosep.org\/es\/#website","url":"https:\/\/musica.santjosep.org\/es\/","name":"Sant Josep \u00e9s m\u00fasica","description":"Informaci\u00f3n actualizada de todos los conciertos, grupos y artistas que act\u00faen tanto en fiestas y festivales, como en establecimientos privados en el municipio de Sant Josep de sa Talaia","publisher":{"@id":"https:\/\/musica.santjosep.org\/es\/#organization"},"potentialAction":[{"@type":"SearchAction","target":{"@type":"EntryPoint","urlTemplate":"https:\/\/musica.santjosep.org\/es\/?s={search_term_string}"},"query-input":{"@type":"PropertyValueSpecification","valueRequired":true,"valueName":"search_term_string"}}],"inLanguage":"es"},{"@type":"Organization","@id":"https:\/\/musica.santjosep.org\/es\/#organization","name":"Sant Josep \u00e9s m\u00fasica","url":"https:\/\/musica.santjosep.org\/es\/","logo":{"@type":"ImageObject","inLanguage":"es","@id":"https:\/\/musica.santjosep.org\/es\/#\/schema\/logo\/image\/","url":"https:\/\/musica.santjosep.org\/wp-content\/uploads\/2022\/01\/logo-SJEM.png","contentUrl":"https:\/\/musica.santjosep.org\/wp-content\/uploads\/2022\/01\/logo-SJEM.png","width":213,"height":103,"caption":"Sant Josep \u00e9s m\u00fasica"},"image":{"@id":"https:\/\/musica.santjosep.org\/es\/#\/schema\/logo\/image\/"},"sameAs":["https:\/\/www.facebook.com\/Sant-Josep-s-Msica-105337042007790","https:\/\/x.com\/MusicaSantJosep","https:\/\/www.instagram.com\/musicasantjosep\/","https:\/\/www.youtube.com\/channel\/UCBSLSUpqfrfsiOMVslmZEJA"]}]}},"_links":{"self":[{"href":"https:\/\/musica.santjosep.org\/es\/wp-json\/wp\/v2\/tribe_events\/25841","targetHints":{"allow":["GET"]}}],"collection":[{"href":"https:\/\/musica.santjosep.org\/es\/wp-json\/wp\/v2\/tribe_events"}],"about":[{"href":"https:\/\/musica.santjosep.org\/es\/wp-json\/wp\/v2\/types\/tribe_events"}],"author":[{"embeddable":true,"href":"https:\/\/musica.santjosep.org\/es\/wp-json\/wp\/v2\/users\/2"}],"version-history":[{"count":0,"href":"https:\/\/musica.santjosep.org\/es\/wp-json\/wp\/v2\/tribe_events\/25841\/revisions"}],"wp:featuredmedia":[{"embeddable":true,"href":"https:\/\/musica.santjosep.org\/es\/wp-json\/wp\/v2\/media\/25724"}],"wp:attachment":[{"href":"https:\/\/musica.santjosep.org\/es\/wp-json\/wp\/v2\/media?parent=25841"}],"wp:term":[{"taxonomy":"post_tag","embeddable":true,"href":"https:\/\/musica.santjosep.org\/es\/wp-json\/wp\/v2\/tags?post=25841"},{"taxonomy":"tribe_events_cat","embeddable":true,"href":"https:\/\/musica.santjosep.org\/es\/wp-json\/wp\/v2\/tribe_events_cat?post=25841"}],"curies":[{"name":"wp","href":"https:\/\/api.w.org\/{rel}","templated":true}]}}

<p>El cantante ibicenco de rock Marc Riera es el artista elegido por el restaurante Coyote, en el centro de Sant Josep, para animar la noche del jueves. Riera es el vocalista del famoso grupo granadino Azrael, conocido en todo el país, y ofrecerá versiones de clásicos intemporales del rock duro y algunas sorpresas. Riera destaca por la habilidad con la guitarra y la potencia de su voz y en Ibiza también actúa con grupos como Thre3vil o MRC, entre otros.</p>

<!-- This site is optimized with the Yoast SEO plugin v26.6 - https://yoast.com/wordpress/plugins/seo/ -->
<title>El rock de Marc Riera vuelve al escenario de Coyote, en Sant Josep - Sant Josep és música</title>
<meta name="robots" content="index, follow, max-snippet:-1, max-image-preview:large, max-video-preview:-1" />
<link rel="canonical" href="https://musica.santjosep.org/es/concierto/el-rock-de-marc-riera-vuelve-al-escenario-de-coyote-en-sant-josep/" />
<meta property="og:locale" content="es_ES" />
<meta property="og:type" content="article" />
<meta property="og:title" content="El rock de Marc Riera vuelve al escenario de Coyote, en Sant Josep - Sant Josep és música" />
<meta property="og:description" content="El cantante ibicenco de rock Marc Riera es el artista elegido por el restaurante Coyote, en el centro de Sant Josep, para animar la noche del jueves. Riera es el vocalista del famoso grupo granadino Azrael, conocido en todo el [&hellip;]" />
<meta property="og:url" content="https://musica.santjosep.org/es/concierto/el-rock-de-marc-riera-vuelve-al-escenario-de-coyote-en-sant-josep/" />
<meta property="og:site_name" content="Sant Josep és música" />
<meta property="article:publisher" content="https://www.facebook.com/Sant-Josep-s-Msica-105337042007790" />
<meta property="og:image" content="https://musica.santjosep.org/wp-content/uploads/2023/08/Marc-Riera-4.jpg" />
	<meta property="og:image:width" content="1400" />
	<meta property="og:image:height" content="934" />
	<meta property="og:image:type" content="image/jpeg" />
<meta name="twitter:card" content="summary_large_image" />
<meta name="twitter:site" content="@MusicaSantJosep" />
<meta name="twitter:label1" content="Tiempo de lectura" />
	<meta name="twitter:data1" content="1 minuto" />
<script type="application/ld+json" class="yoast-schema-graph">{"@context":"https://schema.org","@graph":[{"@type":"WebPage","@id":"https://musica.santjosep.org/es/concierto/el-rock-de-marc-riera-vuelve-al-escenario-de-coyote-en-sant-josep/","url":"https://musica.santjosep.org/es/concierto/el-rock-de-marc-riera-vuelve-al-escenario-de-coyote-en-sant-josep/","name":"El rock de Marc Riera vuelve al escenario de Coyote, en Sant Josep - Sant Josep és música","isPartOf":{"@id":"https://musica.santjosep.org/es/#website"},"primaryImageOfPage":{"@id":"https://musica.santjosep.org/es/concierto/el-rock-de-marc-riera-vuelve-al-escenario-de-coyote-en-sant-josep/#primaryimage"},"image":{"@id":"https://musica.santjosep.org/es/concierto/el-rock-de-marc-riera-vuelve-al-escenario-de-coyote-en-sant-josep/#primaryimage"},"thumbnailUrl":"https://musica.santjosep.org/wp-content/uploads/2023/08/Marc-Riera-4.jpg","datePublished":"2023-08-01T16:00:53+00:00","breadcrumb":{"@id":"https://musica.santjosep.org/es/concierto/el-rock-de-marc-riera-vuelve-al-escenario-de-coyote-en-sant-josep/#breadcrumb"},"inLanguage":"es","potentialAction":[{"@type":"ReadAction","target":["https://musica.santjosep.org/es/concierto/el-rock-de-marc-riera-vuelve-al-escenario-de-coyote-en-sant-josep/"]}]},{"@type":"ImageObject","inLanguage":"es","@id":"https://musica.santjosep.org/es/concierto/el-rock-de-marc-riera-vuelve-al-escenario-de-coyote-en-sant-josep/#primaryimage","url":"https://musica.santjosep.org/wp-content/uploads/2023/08/Marc-Riera-4.jpg","contentUrl":"https://musica.santjosep.org/wp-content/uploads/2023/08/Marc-Riera-4.jpg","width":1400,"height":934,"caption":"Joan F. Ribas"},{"@type":"BreadcrumbList","@id":"https://musica.santjosep.org/es/concierto/el-rock-de-marc-riera-vuelve-al-escenario-de-coyote-en-sant-josep/#breadcrumb","itemListElement":[{"@type":"ListItem","position":1,"name":"Portada","item":"https://musica.santjosep.org/es/"},{"@type":"ListItem","position":2,"name":"Eventos","item":"https://musica.santjosep.org/es/concerts/"},{"@type":"ListItem","position":3,"name":"El rock de Marc Riera vuelve al escenario de Coyote, en Sant Josep"}]},{"@type":"WebSite","@id":"https://musica.santjosep.org/es/#website","url":"https://musica.santjosep.org/es/","name":"Sant Josep és música","description":"Información actualizada de todos los conciertos, grupos y artistas que actúen tanto en fiestas y festivales, como en establecimientos privados en el municipio de Sant Josep de sa Talaia","publisher":{"@id":"https://musica.santjosep.org/es/#organization"},"potentialAction":[{"@type":"SearchAction","target":{"@type":"EntryPoint","urlTemplate":"https://musica.santjosep.org/es/?s={search_term_string}"},"query-input":{"@type":"PropertyValueSpecification","valueRequired":true,"valueName":"search_term_string"}}],"inLanguage":"es"},{"@type":"Organization","@id":"https://musica.santjosep.org/es/#organization","name":"Sant Josep és música","url":"https://musica.santjosep.org/es/","logo":{"@type":"ImageObject","inLanguage":"es","@id":"https://musica.santjosep.org/es/#/schema/logo/image/","url":"https://musica.santjosep.org/wp-content/uploads/2022/01/logo-SJEM.png","contentUrl":"https://musica.santjosep.org/wp-content/uploads/2022/01/logo-SJEM.png","width":213,"height":103,"caption":"Sant Josep és música"},"image":{"@id":"https://musica.santjosep.org/es/#/schema/logo/image/"},"sameAs":["https://www.facebook.com/Sant-Josep-s-Msica-105337042007790","https://x.com/MusicaSantJosep","https://www.instagram.com/musicasantjosep/","https://www.youtube.com/channel/UCBSLSUpqfrfsiOMVslmZEJA"]}]}</script>
<!-- / Yoast SEO plugin. -->

El rock de Marc Riera vuelve al escenario de Coyote, en Sant Josep - Sant Josep és música

Sant Josep és música

Información actualizada de todos los conciertos, grupos y artistas que actúen tanto en fiestas y festivales, como en establecimientos privados en el municipio de Sant Josep de sa Talaia
