{"id":22970,"date":"2023-06-08T21:29:49","date_gmt":"2023-06-08T19:29:49","guid":{"rendered":"https:\/\/musica.santjosep.org\/?post_type=tribe_events&#038;p=22970"},"modified":"2023-07-01T08:12:02","modified_gmt":"2023-07-01T06:12:02","slug":"funky-en-royal-park-vintage-con-el-quinteto-rock-garage","status":"publish","type":"tribe_events","link":"https:\/\/musica.santjosep.org\/es\/concierto\/funky-en-royal-park-vintage-con-el-quinteto-rock-garage\/","title":{"rendered":"Funky en Royal Park Vintage, con el quinteto Groove Garage"},"content":{"rendered":"<p>Royal Park Vintage, el restaurante del minigolf de Cala de Bou, acoge por primera vez en su escenario al quinteto Groove Garage, una formaci\u00f3n que se inspira en la famosa banda de Los \u00c1ngeles Scary Pockets, al llevar al terreno del funky temas muy conocidos. Entre los artistas que versionan figuran Amy Winehouse, The Beatles, Gnars Barkley, The Doobie Brothers, Eurythmics, Ella Fitzgerald\u2026 La banda fue impulsada por el bater\u00eda argentino Lucas Farisco, al que acompa\u00f1an la ibicenca Noemi Funes a la voz, la holandesa Ilse Holwarda al teclado y los coros, el gaditano Nacho Dorado al bajo y el ibicenco David Viladoms a la guitarra.<\/p>\n","protected":false},"excerpt":{"rendered":"<p>Royal Park Vintage, el restaurante del minigolf de Cala de Bou, acoge por primera vez en su escenario al quinteto Groove Garage, una formaci\u00f3n que se inspira en la famosa banda de Los \u00c1ngeles Scary Pockets, al llevar al terreno [&hellip;]<\/p>\n","protected":false},"author":2,"featured_media":22971,"template":"","meta":{"_acf_changed":false,"_tribe_events_status":"","_tribe_events_status_reason":"","_tribe_events_is_hybrid":"","_tribe_events_is_virtual":"","_tribe_events_virtual_video_source":"","_tribe_events_virtual_embed_video":"","_tribe_events_virtual_linked_button_text":"","_tribe_events_virtual_linked_button":"","_tribe_events_virtual_show_embed_at":"","_tribe_events_virtual_show_embed_to":[],"_tribe_events_virtual_show_on_event":"","_tribe_events_virtual_show_on_views":"","_tribe_events_virtual_url":"","footnotes":""},"tags":[],"tribe_events_cat":[21,50],"class_list":["post-22970","tribe_events","type-tribe_events","status-publish","has-post-thumbnail","hentry","tribe_events_cat-funky","tribe_events_cat-soul","cat_funky","cat_soul"],"acf":[],"yoast_head":"<!-- This site is optimized with the Yoast SEO plugin v26.6 - https:\/\/yoast.com\/wordpress\/plugins\/seo\/ -->\n<title>Funky en Royal Park Vintage, con el quinteto Groove Garage - Sant Josep \u00e9s m\u00fasica<\/title>\n<meta name=\"robots\" content=\"index, follow, max-snippet:-1, max-image-preview:large, max-video-preview:-1\" \/>\n<link rel=\"canonical\" href=\"https:\/\/musica.santjosep.org\/es\/concierto\/funky-en-royal-park-vintage-con-el-quinteto-rock-garage\/\" \/>\n<meta property=\"og:locale\" content=\"es_ES\" \/>\n<meta property=\"og:type\" content=\"article\" \/>\n<meta property=\"og:title\" content=\"Funky en Royal Park Vintage, con el quinteto Groove Garage - Sant Josep \u00e9s m\u00fasica\" \/>\n<meta property=\"og:description\" content=\"Royal Park Vintage, el restaurante del minigolf de Cala de Bou, acoge por primera vez en su escenario al quinteto Groove Garage, una formaci\u00f3n que se inspira en la famosa banda de Los \u00c1ngeles Scary Pockets, al llevar al terreno [&hellip;]\" \/>\n<meta property=\"og:url\" content=\"https:\/\/musica.santjosep.org\/es\/concierto\/funky-en-royal-park-vintage-con-el-quinteto-rock-garage\/\" \/>\n<meta property=\"og:site_name\" content=\"Sant Josep \u00e9s m\u00fasica\" \/>\n<meta property=\"article:publisher\" content=\"https:\/\/www.facebook.com\/Sant-Josep-s-Msica-105337042007790\" \/>\n<meta property=\"article:modified_time\" content=\"2023-07-01T06:12:02+00:00\" \/>\n<meta property=\"og:image\" content=\"https:\/\/musica.santjosep.org\/wp-content\/uploads\/2023\/06\/rock-garage-rec.jpeg\" \/>\n\t<meta property=\"og:image:width\" content=\"1400\" \/>\n\t<meta property=\"og:image:height\" content=\"933\" \/>\n\t<meta property=\"og:image:type\" content=\"image\/jpeg\" \/>\n<meta name=\"twitter:card\" content=\"summary_large_image\" \/>\n<meta name=\"twitter:site\" content=\"@MusicaSantJosep\" \/>\n<meta name=\"twitter:label1\" content=\"Tiempo de lectura\" \/>\n\t<meta name=\"twitter:data1\" content=\"1 minuto\" \/>\n<script type=\"application\/ld+json\" class=\"yoast-schema-graph\">{\"@context\":\"https:\/\/schema.org\",\"@graph\":[{\"@type\":\"WebPage\",\"@id\":\"https:\/\/musica.santjosep.org\/es\/concierto\/funky-en-royal-park-vintage-con-el-quinteto-rock-garage\/\",\"url\":\"https:\/\/musica.santjosep.org\/es\/concierto\/funky-en-royal-park-vintage-con-el-quinteto-rock-garage\/\",\"name\":\"Funky en Royal Park Vintage, con el quinteto Groove Garage - Sant Josep \u00e9s m\u00fasica\",\"isPartOf\":{\"@id\":\"https:\/\/musica.santjosep.org\/es\/#website\"},\"primaryImageOfPage\":{\"@id\":\"https:\/\/musica.santjosep.org\/es\/concierto\/funky-en-royal-park-vintage-con-el-quinteto-rock-garage\/#primaryimage\"},\"image\":{\"@id\":\"https:\/\/musica.santjosep.org\/es\/concierto\/funky-en-royal-park-vintage-con-el-quinteto-rock-garage\/#primaryimage\"},\"thumbnailUrl\":\"https:\/\/musica.santjosep.org\/wp-content\/uploads\/2023\/06\/rock-garage-rec.jpeg\",\"datePublished\":\"2023-06-08T19:29:49+00:00\",\"dateModified\":\"2023-07-01T06:12:02+00:00\",\"breadcrumb\":{\"@id\":\"https:\/\/musica.santjosep.org\/es\/concierto\/funky-en-royal-park-vintage-con-el-quinteto-rock-garage\/#breadcrumb\"},\"inLanguage\":\"es\",\"potentialAction\":[{\"@type\":\"ReadAction\",\"target\":[\"https:\/\/musica.santjosep.org\/es\/concierto\/funky-en-royal-park-vintage-con-el-quinteto-rock-garage\/\"]}]},{\"@type\":\"ImageObject\",\"inLanguage\":\"es\",\"@id\":\"https:\/\/musica.santjosep.org\/es\/concierto\/funky-en-royal-park-vintage-con-el-quinteto-rock-garage\/#primaryimage\",\"url\":\"https:\/\/musica.santjosep.org\/wp-content\/uploads\/2023\/06\/rock-garage-rec.jpeg\",\"contentUrl\":\"https:\/\/musica.santjosep.org\/wp-content\/uploads\/2023\/06\/rock-garage-rec.jpeg\",\"width\":1400,\"height\":933},{\"@type\":\"BreadcrumbList\",\"@id\":\"https:\/\/musica.santjosep.org\/es\/concierto\/funky-en-royal-park-vintage-con-el-quinteto-rock-garage\/#breadcrumb\",\"itemListElement\":[{\"@type\":\"ListItem\",\"position\":1,\"name\":\"Portada\",\"item\":\"https:\/\/musica.santjosep.org\/es\/\"},{\"@type\":\"ListItem\",\"position\":2,\"name\":\"Eventos\",\"item\":\"https:\/\/musica.santjosep.org\/es\/concerts\/\"},{\"@type\":\"ListItem\",\"position\":3,\"name\":\"Funky en Royal Park Vintage, con el quinteto Groove Garage\"}]},{\"@type\":\"WebSite\",\"@id\":\"https:\/\/musica.santjosep.org\/es\/#website\",\"url\":\"https:\/\/musica.santjosep.org\/es\/\",\"name\":\"Sant Josep \u00e9s m\u00fasica\",\"description\":\"Informaci\u00f3n actualizada de todos los conciertos, grupos y artistas que act\u00faen tanto en fiestas y festivales, como en establecimientos privados en el municipio de Sant Josep de sa Talaia\",\"publisher\":{\"@id\":\"https:\/\/musica.santjosep.org\/es\/#organization\"},\"potentialAction\":[{\"@type\":\"SearchAction\",\"target\":{\"@type\":\"EntryPoint\",\"urlTemplate\":\"https:\/\/musica.santjosep.org\/es\/?s={search_term_string}\"},\"query-input\":{\"@type\":\"PropertyValueSpecification\",\"valueRequired\":true,\"valueName\":\"search_term_string\"}}],\"inLanguage\":\"es\"},{\"@type\":\"Organization\",\"@id\":\"https:\/\/musica.santjosep.org\/es\/#organization\",\"name\":\"Sant Josep \u00e9s m\u00fasica\",\"url\":\"https:\/\/musica.santjosep.org\/es\/\",\"logo\":{\"@type\":\"ImageObject\",\"inLanguage\":\"es\",\"@id\":\"https:\/\/musica.santjosep.org\/es\/#\/schema\/logo\/image\/\",\"url\":\"https:\/\/musica.santjosep.org\/wp-content\/uploads\/2022\/01\/logo-SJEM.png\",\"contentUrl\":\"https:\/\/musica.santjosep.org\/wp-content\/uploads\/2022\/01\/logo-SJEM.png\",\"width\":213,\"height\":103,\"caption\":\"Sant Josep \u00e9s m\u00fasica\"},\"image\":{\"@id\":\"https:\/\/musica.santjosep.org\/es\/#\/schema\/logo\/image\/\"},\"sameAs\":[\"https:\/\/www.facebook.com\/Sant-Josep-s-Msica-105337042007790\",\"https:\/\/x.com\/MusicaSantJosep\",\"https:\/\/www.instagram.com\/musicasantjosep\/\",\"https:\/\/www.youtube.com\/channel\/UCBSLSUpqfrfsiOMVslmZEJA\"]}]}<\/script>\n<!-- \/ Yoast SEO plugin. -->","yoast_head_json":{"title":"Funky en Royal Park Vintage, con el quinteto Groove Garage - Sant Josep \u00e9s m\u00fasica","robots":{"index":"index","follow":"follow","max-snippet":"max-snippet:-1","max-image-preview":"max-image-preview:large","max-video-preview":"max-video-preview:-1"},"canonical":"https:\/\/musica.santjosep.org\/es\/concierto\/funky-en-royal-park-vintage-con-el-quinteto-rock-garage\/","og_locale":"es_ES","og_type":"article","og_title":"Funky en Royal Park Vintage, con el quinteto Groove Garage - Sant Josep \u00e9s m\u00fasica","og_description":"Royal Park Vintage, el restaurante del minigolf de Cala de Bou, acoge por primera vez en su escenario al quinteto Groove Garage, una formaci\u00f3n que se inspira en la famosa banda de Los \u00c1ngeles Scary Pockets, al llevar al terreno [&hellip;]","og_url":"https:\/\/musica.santjosep.org\/es\/concierto\/funky-en-royal-park-vintage-con-el-quinteto-rock-garage\/","og_site_name":"Sant Josep \u00e9s m\u00fasica","article_publisher":"https:\/\/www.facebook.com\/Sant-Josep-s-Msica-105337042007790","article_modified_time":"2023-07-01T06:12:02+00:00","og_image":[{"width":1400,"height":933,"url":"https:\/\/musica.santjosep.org\/wp-content\/uploads\/2023\/06\/rock-garage-rec.jpeg","type":"image\/jpeg"}],"twitter_card":"summary_large_image","twitter_site":"@MusicaSantJosep","twitter_misc":{"Tiempo de lectura":"1 minuto"},"schema":{"@context":"https:\/\/schema.org","@graph":[{"@type":"WebPage","@id":"https:\/\/musica.santjosep.org\/es\/concierto\/funky-en-royal-park-vintage-con-el-quinteto-rock-garage\/","url":"https:\/\/musica.santjosep.org\/es\/concierto\/funky-en-royal-park-vintage-con-el-quinteto-rock-garage\/","name":"Funky en Royal Park Vintage, con el quinteto Groove Garage - Sant Josep \u00e9s m\u00fasica","isPartOf":{"@id":"https:\/\/musica.santjosep.org\/es\/#website"},"primaryImageOfPage":{"@id":"https:\/\/musica.santjosep.org\/es\/concierto\/funky-en-royal-park-vintage-con-el-quinteto-rock-garage\/#primaryimage"},"image":{"@id":"https:\/\/musica.santjosep.org\/es\/concierto\/funky-en-royal-park-vintage-con-el-quinteto-rock-garage\/#primaryimage"},"thumbnailUrl":"https:\/\/musica.santjosep.org\/wp-content\/uploads\/2023\/06\/rock-garage-rec.jpeg","datePublished":"2023-06-08T19:29:49+00:00","dateModified":"2023-07-01T06:12:02+00:00","breadcrumb":{"@id":"https:\/\/musica.santjosep.org\/es\/concierto\/funky-en-royal-park-vintage-con-el-quinteto-rock-garage\/#breadcrumb"},"inLanguage":"es","potentialAction":[{"@type":"ReadAction","target":["https:\/\/musica.santjosep.org\/es\/concierto\/funky-en-royal-park-vintage-con-el-quinteto-rock-garage\/"]}]},{"@type":"ImageObject","inLanguage":"es","@id":"https:\/\/musica.santjosep.org\/es\/concierto\/funky-en-royal-park-vintage-con-el-quinteto-rock-garage\/#primaryimage","url":"https:\/\/musica.santjosep.org\/wp-content\/uploads\/2023\/06\/rock-garage-rec.jpeg","contentUrl":"https:\/\/musica.santjosep.org\/wp-content\/uploads\/2023\/06\/rock-garage-rec.jpeg","width":1400,"height":933},{"@type":"BreadcrumbList","@id":"https:\/\/musica.santjosep.org\/es\/concierto\/funky-en-royal-park-vintage-con-el-quinteto-rock-garage\/#breadcrumb","itemListElement":[{"@type":"ListItem","position":1,"name":"Portada","item":"https:\/\/musica.santjosep.org\/es\/"},{"@type":"ListItem","position":2,"name":"Eventos","item":"https:\/\/musica.santjosep.org\/es\/concerts\/"},{"@type":"ListItem","position":3,"name":"Funky en Royal Park Vintage, con el quinteto Groove Garage"}]},{"@type":"WebSite","@id":"https:\/\/musica.santjosep.org\/es\/#website","url":"https:\/\/musica.santjosep.org\/es\/","name":"Sant Josep \u00e9s m\u00fasica","description":"Informaci\u00f3n actualizada de todos los conciertos, grupos y artistas que act\u00faen tanto en fiestas y festivales, como en establecimientos privados en el municipio de Sant Josep de sa Talaia","publisher":{"@id":"https:\/\/musica.santjosep.org\/es\/#organization"},"potentialAction":[{"@type":"SearchAction","target":{"@type":"EntryPoint","urlTemplate":"https:\/\/musica.santjosep.org\/es\/?s={search_term_string}"},"query-input":{"@type":"PropertyValueSpecification","valueRequired":true,"valueName":"search_term_string"}}],"inLanguage":"es"},{"@type":"Organization","@id":"https:\/\/musica.santjosep.org\/es\/#organization","name":"Sant Josep \u00e9s m\u00fasica","url":"https:\/\/musica.santjosep.org\/es\/","logo":{"@type":"ImageObject","inLanguage":"es","@id":"https:\/\/musica.santjosep.org\/es\/#\/schema\/logo\/image\/","url":"https:\/\/musica.santjosep.org\/wp-content\/uploads\/2022\/01\/logo-SJEM.png","contentUrl":"https:\/\/musica.santjosep.org\/wp-content\/uploads\/2022\/01\/logo-SJEM.png","width":213,"height":103,"caption":"Sant Josep \u00e9s m\u00fasica"},"image":{"@id":"https:\/\/musica.santjosep.org\/es\/#\/schema\/logo\/image\/"},"sameAs":["https:\/\/www.facebook.com\/Sant-Josep-s-Msica-105337042007790","https:\/\/x.com\/MusicaSantJosep","https:\/\/www.instagram.com\/musicasantjosep\/","https:\/\/www.youtube.com\/channel\/UCBSLSUpqfrfsiOMVslmZEJA"]}]}},"_links":{"self":[{"href":"https:\/\/musica.santjosep.org\/es\/wp-json\/wp\/v2\/tribe_events\/22970","targetHints":{"allow":["GET"]}}],"collection":[{"href":"https:\/\/musica.santjosep.org\/es\/wp-json\/wp\/v2\/tribe_events"}],"about":[{"href":"https:\/\/musica.santjosep.org\/es\/wp-json\/wp\/v2\/types\/tribe_events"}],"author":[{"embeddable":true,"href":"https:\/\/musica.santjosep.org\/es\/wp-json\/wp\/v2\/users\/2"}],"version-history":[{"count":0,"href":"https:\/\/musica.santjosep.org\/es\/wp-json\/wp\/v2\/tribe_events\/22970\/revisions"}],"wp:featuredmedia":[{"embeddable":true,"href":"https:\/\/musica.santjosep.org\/es\/wp-json\/wp\/v2\/media\/22971"}],"wp:attachment":[{"href":"https:\/\/musica.santjosep.org\/es\/wp-json\/wp\/v2\/media?parent=22970"}],"wp:term":[{"taxonomy":"post_tag","embeddable":true,"href":"https:\/\/musica.santjosep.org\/es\/wp-json\/wp\/v2\/tags?post=22970"},{"taxonomy":"tribe_events_cat","embeddable":true,"href":"https:\/\/musica.santjosep.org\/es\/wp-json\/wp\/v2\/tribe_events_cat?post=22970"}],"curies":[{"name":"wp","href":"https:\/\/api.w.org\/{rel}","templated":true}]}}

<p>Royal Park Vintage, el restaurante del minigolf de Cala de Bou, acoge por primera vez en su escenario al quinteto Groove Garage, una formación que se inspira en la famosa banda de Los Ángeles Scary Pockets, al llevar al terreno del funky temas muy conocidos. Entre los artistas que versionan figuran Amy Winehouse, The Beatles, Gnars Barkley, The Doobie Brothers, Eurythmics, Ella Fitzgerald… La banda fue impulsada por el batería argentino Lucas Farisco, al que acompañan la ibicenca Noemi Funes a la voz, la holandesa Ilse Holwarda al teclado y los coros, el gaditano Nacho Dorado al bajo y el ibicenco David Viladoms a la guitarra.</p>

<p>Royal Park Vintage, el restaurante del minigolf de Cala de Bou, acoge por primera vez en su escenario al quinteto Groove Garage, una formación que se inspira en la famosa banda de Los Ángeles Scary Pockets, al llevar al terreno [&hellip;]</p>

<!-- This site is optimized with the Yoast SEO plugin v26.6 - https://yoast.com/wordpress/plugins/seo/ -->
<title>Funky en Royal Park Vintage, con el quinteto Groove Garage - Sant Josep és música</title>
<meta name="robots" content="index, follow, max-snippet:-1, max-image-preview:large, max-video-preview:-1" />
<link rel="canonical" href="https://musica.santjosep.org/es/concierto/funky-en-royal-park-vintage-con-el-quinteto-rock-garage/" />
<meta property="og:locale" content="es_ES" />
<meta property="og:type" content="article" />
<meta property="og:title" content="Funky en Royal Park Vintage, con el quinteto Groove Garage - Sant Josep és música" />
<meta property="og:description" content="Royal Park Vintage, el restaurante del minigolf de Cala de Bou, acoge por primera vez en su escenario al quinteto Groove Garage, una formación que se inspira en la famosa banda de Los Ángeles Scary Pockets, al llevar al terreno [&hellip;]" />
<meta property="og:url" content="https://musica.santjosep.org/es/concierto/funky-en-royal-park-vintage-con-el-quinteto-rock-garage/" />
<meta property="og:site_name" content="Sant Josep és música" />
<meta property="article:publisher" content="https://www.facebook.com/Sant-Josep-s-Msica-105337042007790" />
<meta property="article:modified_time" content="2023-07-01T06:12:02+00:00" />
<meta property="og:image" content="https://musica.santjosep.org/wp-content/uploads/2023/06/rock-garage-rec.jpeg" />
	<meta property="og:image:width" content="1400" />
	<meta property="og:image:height" content="933" />
	<meta property="og:image:type" content="image/jpeg" />
<meta name="twitter:card" content="summary_large_image" />
<meta name="twitter:site" content="@MusicaSantJosep" />
<meta name="twitter:label1" content="Tiempo de lectura" />
	<meta name="twitter:data1" content="1 minuto" />
<script type="application/ld+json" class="yoast-schema-graph">{"@context":"https://schema.org","@graph":[{"@type":"WebPage","@id":"https://musica.santjosep.org/es/concierto/funky-en-royal-park-vintage-con-el-quinteto-rock-garage/","url":"https://musica.santjosep.org/es/concierto/funky-en-royal-park-vintage-con-el-quinteto-rock-garage/","name":"Funky en Royal Park Vintage, con el quinteto Groove Garage - Sant Josep és música","isPartOf":{"@id":"https://musica.santjosep.org/es/#website"},"primaryImageOfPage":{"@id":"https://musica.santjosep.org/es/concierto/funky-en-royal-park-vintage-con-el-quinteto-rock-garage/#primaryimage"},"image":{"@id":"https://musica.santjosep.org/es/concierto/funky-en-royal-park-vintage-con-el-quinteto-rock-garage/#primaryimage"},"thumbnailUrl":"https://musica.santjosep.org/wp-content/uploads/2023/06/rock-garage-rec.jpeg","datePublished":"2023-06-08T19:29:49+00:00","dateModified":"2023-07-01T06:12:02+00:00","breadcrumb":{"@id":"https://musica.santjosep.org/es/concierto/funky-en-royal-park-vintage-con-el-quinteto-rock-garage/#breadcrumb"},"inLanguage":"es","potentialAction":[{"@type":"ReadAction","target":["https://musica.santjosep.org/es/concierto/funky-en-royal-park-vintage-con-el-quinteto-rock-garage/"]}]},{"@type":"ImageObject","inLanguage":"es","@id":"https://musica.santjosep.org/es/concierto/funky-en-royal-park-vintage-con-el-quinteto-rock-garage/#primaryimage","url":"https://musica.santjosep.org/wp-content/uploads/2023/06/rock-garage-rec.jpeg","contentUrl":"https://musica.santjosep.org/wp-content/uploads/2023/06/rock-garage-rec.jpeg","width":1400,"height":933},{"@type":"BreadcrumbList","@id":"https://musica.santjosep.org/es/concierto/funky-en-royal-park-vintage-con-el-quinteto-rock-garage/#breadcrumb","itemListElement":[{"@type":"ListItem","position":1,"name":"Portada","item":"https://musica.santjosep.org/es/"},{"@type":"ListItem","position":2,"name":"Eventos","item":"https://musica.santjosep.org/es/concerts/"},{"@type":"ListItem","position":3,"name":"Funky en Royal Park Vintage, con el quinteto Groove Garage"}]},{"@type":"WebSite","@id":"https://musica.santjosep.org/es/#website","url":"https://musica.santjosep.org/es/","name":"Sant Josep és música","description":"Información actualizada de todos los conciertos, grupos y artistas que actúen tanto en fiestas y festivales, como en establecimientos privados en el municipio de Sant Josep de sa Talaia","publisher":{"@id":"https://musica.santjosep.org/es/#organization"},"potentialAction":[{"@type":"SearchAction","target":{"@type":"EntryPoint","urlTemplate":"https://musica.santjosep.org/es/?s={search_term_string}"},"query-input":{"@type":"PropertyValueSpecification","valueRequired":true,"valueName":"search_term_string"}}],"inLanguage":"es"},{"@type":"Organization","@id":"https://musica.santjosep.org/es/#organization","name":"Sant Josep és música","url":"https://musica.santjosep.org/es/","logo":{"@type":"ImageObject","inLanguage":"es","@id":"https://musica.santjosep.org/es/#/schema/logo/image/","url":"https://musica.santjosep.org/wp-content/uploads/2022/01/logo-SJEM.png","contentUrl":"https://musica.santjosep.org/wp-content/uploads/2022/01/logo-SJEM.png","width":213,"height":103,"caption":"Sant Josep és música"},"image":{"@id":"https://musica.santjosep.org/es/#/schema/logo/image/"},"sameAs":["https://www.facebook.com/Sant-Josep-s-Msica-105337042007790","https://x.com/MusicaSantJosep","https://www.instagram.com/musicasantjosep/","https://www.youtube.com/channel/UCBSLSUpqfrfsiOMVslmZEJA"]}]}</script>
<!-- / Yoast SEO plugin. -->

Funky en Royal Park Vintage, con el quinteto Groove Garage - Sant Josep és música

Royal Park Vintage, el restaurante del minigolf de Cala de Bou, acoge por primera vez en su escenario al quinteto Groove Garage, una formación que se inspira en la famosa banda de Los Ángeles Scary Pockets, al llevar al terreno [&hellip;]

Sant Josep és música

Información actualizada de todos los conciertos, grupos y artistas que actúen tanto en fiestas y festivales, como en establecimientos privados en el municipio de Sant Josep de sa Talaia
