{"id":457,"date":"2022-01-13T13:21:45","date_gmt":"2022-01-13T12:21:45","guid":{"rendered":"https:\/\/musica.santjosep.org\/?page_id=457"},"modified":"2022-01-17T14:00:55","modified_gmt":"2022-01-17T13:00:55","slug":"recintos-santjosep","status":"publish","type":"page","link":"https:\/\/musica.santjosep.org\/es\/recintos-santjosep\/","title":{"rendered":"Recintos"},"content":{"rendered":"<div class=\"wpb-content-wrapper\"><p>[vc_row][vc_column][vc_custom_heading source=\u00bbpost_title\u00bb font_container=\u00bbtag:h1|text_align:center|color:%23ca6702&#8243; use_theme_fonts=\u00bbyes\u00bb][vc_column_text]<\/p>\n<p style=\"text-align: center;\">Auditorios, centros culturales y recintos p\u00fablicos al aire libre de Sant Josep de sa Talaia donde la m\u00fasica cobra protagonismo<\/p>\n<p>[\/vc_column_text][\/vc_column][\/vc_row]<\/p>\n<\/div>","protected":false},"excerpt":{"rendered":"<p>[vc_row][vc_column][vc_custom_heading source=\u00bbpost_title\u00bb font_container=\u00bbtag:h1|text_align:center|color:%23ca6702&#8243; use_theme_fonts=\u00bbyes\u00bb][vc_column_text] Auditorios, centros culturales y recintos p\u00fablicos al aire libre de Sant Josep de sa Talaia donde la m\u00fasica cobra protagonismo [\/vc_column_text][\/vc_column][\/vc_row]<\/p>\n","protected":false},"author":1,"featured_media":0,"parent":0,"menu_order":0,"comment_status":"closed","ping_status":"closed","template":"page-locales.php","meta":{"_acf_changed":false,"footnotes":""},"class_list":["post-457","page","type-page","status-publish","hentry"],"acf":[],"yoast_head":"<!-- This site is optimized with the Yoast SEO plugin v26.6 - https:\/\/yoast.com\/wordpress\/plugins\/seo\/ -->\n<title>Recintos - Sant Josep \u00e9s m\u00fasica<\/title>\n<meta name=\"robots\" content=\"index, follow, max-snippet:-1, max-image-preview:large, max-video-preview:-1\" \/>\n<link rel=\"canonical\" href=\"https:\/\/musica.santjosep.org\/es\/recintos-santjosep\/\" \/>\n<meta property=\"og:locale\" content=\"es_ES\" \/>\n<meta property=\"og:type\" content=\"article\" \/>\n<meta property=\"og:title\" content=\"Recintos - Sant Josep \u00e9s m\u00fasica\" \/>\n<meta property=\"og:description\" content=\"[vc_row][vc_column][vc_custom_heading source=\u00bbpost_title\u00bb font_container=\u00bbtag:h1|text_align:center|color:%23ca6702&#8243; use_theme_fonts=\u00bbyes\u00bb][vc_column_text] Auditorios, centros culturales y recintos p\u00fablicos al aire libre de Sant Josep de sa Talaia donde la m\u00fasica cobra protagonismo [\/vc_column_text][\/vc_column][\/vc_row]\" \/>\n<meta property=\"og:url\" content=\"https:\/\/musica.santjosep.org\/es\/recintos-santjosep\/\" \/>\n<meta property=\"og:site_name\" content=\"Sant Josep \u00e9s m\u00fasica\" \/>\n<meta property=\"article:publisher\" content=\"https:\/\/www.facebook.com\/Sant-Josep-s-Msica-105337042007790\" \/>\n<meta property=\"article:modified_time\" content=\"2022-01-17T13:00:55+00:00\" \/>\n<meta name=\"twitter:card\" content=\"summary_large_image\" \/>\n<meta name=\"twitter:site\" content=\"@MusicaSantJosep\" \/>\n<script type=\"application\/ld+json\" class=\"yoast-schema-graph\">{\"@context\":\"https:\/\/schema.org\",\"@graph\":[{\"@type\":\"WebPage\",\"@id\":\"https:\/\/musica.santjosep.org\/es\/recintos-santjosep\/\",\"url\":\"https:\/\/musica.santjosep.org\/es\/recintos-santjosep\/\",\"name\":\"Recintos - Sant Josep \u00e9s m\u00fasica\",\"isPartOf\":{\"@id\":\"https:\/\/musica.santjosep.org\/es\/#website\"},\"datePublished\":\"2022-01-13T12:21:45+00:00\",\"dateModified\":\"2022-01-17T13:00:55+00:00\",\"breadcrumb\":{\"@id\":\"https:\/\/musica.santjosep.org\/es\/recintos-santjosep\/#breadcrumb\"},\"inLanguage\":\"es\",\"potentialAction\":[{\"@type\":\"ReadAction\",\"target\":[\"https:\/\/musica.santjosep.org\/es\/recintos-santjosep\/\"]}]},{\"@type\":\"BreadcrumbList\",\"@id\":\"https:\/\/musica.santjosep.org\/es\/recintos-santjosep\/#breadcrumb\",\"itemListElement\":[{\"@type\":\"ListItem\",\"position\":1,\"name\":\"Portada\",\"item\":\"https:\/\/musica.santjosep.org\/es\/\"},{\"@type\":\"ListItem\",\"position\":2,\"name\":\"Recintos\"}]},{\"@type\":\"WebSite\",\"@id\":\"https:\/\/musica.santjosep.org\/es\/#website\",\"url\":\"https:\/\/musica.santjosep.org\/es\/\",\"name\":\"Sant Josep \u00e9s m\u00fasica\",\"description\":\"Informaci\u00f3n actualizada de todos los conciertos, grupos y artistas que act\u00faen tanto en fiestas y festivales, como en establecimientos privados en el municipio de Sant Josep de sa Talaia\",\"publisher\":{\"@id\":\"https:\/\/musica.santjosep.org\/es\/#organization\"},\"potentialAction\":[{\"@type\":\"SearchAction\",\"target\":{\"@type\":\"EntryPoint\",\"urlTemplate\":\"https:\/\/musica.santjosep.org\/es\/?s={search_term_string}\"},\"query-input\":{\"@type\":\"PropertyValueSpecification\",\"valueRequired\":true,\"valueName\":\"search_term_string\"}}],\"inLanguage\":\"es\"},{\"@type\":\"Organization\",\"@id\":\"https:\/\/musica.santjosep.org\/es\/#organization\",\"name\":\"Sant Josep \u00e9s m\u00fasica\",\"url\":\"https:\/\/musica.santjosep.org\/es\/\",\"logo\":{\"@type\":\"ImageObject\",\"inLanguage\":\"es\",\"@id\":\"https:\/\/musica.santjosep.org\/es\/#\/schema\/logo\/image\/\",\"url\":\"https:\/\/musica.santjosep.org\/wp-content\/uploads\/2022\/01\/logo-SJEM.png\",\"contentUrl\":\"https:\/\/musica.santjosep.org\/wp-content\/uploads\/2022\/01\/logo-SJEM.png\",\"width\":213,\"height\":103,\"caption\":\"Sant Josep \u00e9s m\u00fasica\"},\"image\":{\"@id\":\"https:\/\/musica.santjosep.org\/es\/#\/schema\/logo\/image\/\"},\"sameAs\":[\"https:\/\/www.facebook.com\/Sant-Josep-s-Msica-105337042007790\",\"https:\/\/x.com\/MusicaSantJosep\",\"https:\/\/www.instagram.com\/musicasantjosep\/\",\"https:\/\/www.youtube.com\/channel\/UCBSLSUpqfrfsiOMVslmZEJA\"]}]}<\/script>\n<!-- \/ Yoast SEO plugin. -->","yoast_head_json":{"title":"Recintos - Sant Josep \u00e9s m\u00fasica","robots":{"index":"index","follow":"follow","max-snippet":"max-snippet:-1","max-image-preview":"max-image-preview:large","max-video-preview":"max-video-preview:-1"},"canonical":"https:\/\/musica.santjosep.org\/es\/recintos-santjosep\/","og_locale":"es_ES","og_type":"article","og_title":"Recintos - Sant Josep \u00e9s m\u00fasica","og_description":"[vc_row][vc_column][vc_custom_heading source=\u00bbpost_title\u00bb font_container=\u00bbtag:h1|text_align:center|color:%23ca6702&#8243; use_theme_fonts=\u00bbyes\u00bb][vc_column_text] Auditorios, centros culturales y recintos p\u00fablicos al aire libre de Sant Josep de sa Talaia donde la m\u00fasica cobra protagonismo [\/vc_column_text][\/vc_column][\/vc_row]","og_url":"https:\/\/musica.santjosep.org\/es\/recintos-santjosep\/","og_site_name":"Sant Josep \u00e9s m\u00fasica","article_publisher":"https:\/\/www.facebook.com\/Sant-Josep-s-Msica-105337042007790","article_modified_time":"2022-01-17T13:00:55+00:00","twitter_card":"summary_large_image","twitter_site":"@MusicaSantJosep","schema":{"@context":"https:\/\/schema.org","@graph":[{"@type":"WebPage","@id":"https:\/\/musica.santjosep.org\/es\/recintos-santjosep\/","url":"https:\/\/musica.santjosep.org\/es\/recintos-santjosep\/","name":"Recintos - Sant Josep \u00e9s m\u00fasica","isPartOf":{"@id":"https:\/\/musica.santjosep.org\/es\/#website"},"datePublished":"2022-01-13T12:21:45+00:00","dateModified":"2022-01-17T13:00:55+00:00","breadcrumb":{"@id":"https:\/\/musica.santjosep.org\/es\/recintos-santjosep\/#breadcrumb"},"inLanguage":"es","potentialAction":[{"@type":"ReadAction","target":["https:\/\/musica.santjosep.org\/es\/recintos-santjosep\/"]}]},{"@type":"BreadcrumbList","@id":"https:\/\/musica.santjosep.org\/es\/recintos-santjosep\/#breadcrumb","itemListElement":[{"@type":"ListItem","position":1,"name":"Portada","item":"https:\/\/musica.santjosep.org\/es\/"},{"@type":"ListItem","position":2,"name":"Recintos"}]},{"@type":"WebSite","@id":"https:\/\/musica.santjosep.org\/es\/#website","url":"https:\/\/musica.santjosep.org\/es\/","name":"Sant Josep \u00e9s m\u00fasica","description":"Informaci\u00f3n actualizada de todos los conciertos, grupos y artistas que act\u00faen tanto en fiestas y festivales, como en establecimientos privados en el municipio de Sant Josep de sa Talaia","publisher":{"@id":"https:\/\/musica.santjosep.org\/es\/#organization"},"potentialAction":[{"@type":"SearchAction","target":{"@type":"EntryPoint","urlTemplate":"https:\/\/musica.santjosep.org\/es\/?s={search_term_string}"},"query-input":{"@type":"PropertyValueSpecification","valueRequired":true,"valueName":"search_term_string"}}],"inLanguage":"es"},{"@type":"Organization","@id":"https:\/\/musica.santjosep.org\/es\/#organization","name":"Sant Josep \u00e9s m\u00fasica","url":"https:\/\/musica.santjosep.org\/es\/","logo":{"@type":"ImageObject","inLanguage":"es","@id":"https:\/\/musica.santjosep.org\/es\/#\/schema\/logo\/image\/","url":"https:\/\/musica.santjosep.org\/wp-content\/uploads\/2022\/01\/logo-SJEM.png","contentUrl":"https:\/\/musica.santjosep.org\/wp-content\/uploads\/2022\/01\/logo-SJEM.png","width":213,"height":103,"caption":"Sant Josep \u00e9s m\u00fasica"},"image":{"@id":"https:\/\/musica.santjosep.org\/es\/#\/schema\/logo\/image\/"},"sameAs":["https:\/\/www.facebook.com\/Sant-Josep-s-Msica-105337042007790","https:\/\/x.com\/MusicaSantJosep","https:\/\/www.instagram.com\/musicasantjosep\/","https:\/\/www.youtube.com\/channel\/UCBSLSUpqfrfsiOMVslmZEJA"]}]}},"_links":{"self":[{"href":"https:\/\/musica.santjosep.org\/es\/wp-json\/wp\/v2\/pages\/457","targetHints":{"allow":["GET"]}}],"collection":[{"href":"https:\/\/musica.santjosep.org\/es\/wp-json\/wp\/v2\/pages"}],"about":[{"href":"https:\/\/musica.santjosep.org\/es\/wp-json\/wp\/v2\/types\/page"}],"author":[{"embeddable":true,"href":"https:\/\/musica.santjosep.org\/es\/wp-json\/wp\/v2\/users\/1"}],"replies":[{"embeddable":true,"href":"https:\/\/musica.santjosep.org\/es\/wp-json\/wp\/v2\/comments?post=457"}],"version-history":[{"count":0,"href":"https:\/\/musica.santjosep.org\/es\/wp-json\/wp\/v2\/pages\/457\/revisions"}],"wp:attachment":[{"href":"https:\/\/musica.santjosep.org\/es\/wp-json\/wp\/v2\/media?parent=457"}],"curies":[{"name":"wp","href":"https:\/\/api.w.org\/{rel}","templated":true}]}}

<div class="wpb-content-wrapper"><p>[vc_row][vc_column][vc_custom_heading source=»post_title» font_container=»tag:h1|text_align:center|color:%23ca6702&#8243; use_theme_fonts=»yes»][vc_column_text]</p>
<p style="text-align: center;">Auditorios, centros culturales y recintos públicos al aire libre de Sant Josep de sa Talaia donde la música cobra protagonismo</p>
<p>[/vc_column_text][/vc_column][/vc_row]</p>
</div>

<p>[vc_row][vc_column][vc_custom_heading source=»post_title» font_container=»tag:h1|text_align:center|color:%23ca6702&#8243; use_theme_fonts=»yes»][vc_column_text] Auditorios, centros culturales y recintos públicos al aire libre de Sant Josep de sa Talaia donde la música cobra protagonismo [/vc_column_text][/vc_column][/vc_row]</p>

<!-- This site is optimized with the Yoast SEO plugin v26.6 - https://yoast.com/wordpress/plugins/seo/ -->
<title>Recintos - Sant Josep és música</title>
<meta name="robots" content="index, follow, max-snippet:-1, max-image-preview:large, max-video-preview:-1" />
<link rel="canonical" href="https://musica.santjosep.org/es/recintos-santjosep/" />
<meta property="og:locale" content="es_ES" />
<meta property="og:type" content="article" />
<meta property="og:title" content="Recintos - Sant Josep és música" />
<meta property="og:description" content="[vc_row][vc_column][vc_custom_heading source=»post_title» font_container=»tag:h1|text_align:center|color:%23ca6702&#8243; use_theme_fonts=»yes»][vc_column_text] Auditorios, centros culturales y recintos públicos al aire libre de Sant Josep de sa Talaia donde la música cobra protagonismo [/vc_column_text][/vc_column][/vc_row]" />
<meta property="og:url" content="https://musica.santjosep.org/es/recintos-santjosep/" />
<meta property="og:site_name" content="Sant Josep és música" />
<meta property="article:publisher" content="https://www.facebook.com/Sant-Josep-s-Msica-105337042007790" />
<meta property="article:modified_time" content="2022-01-17T13:00:55+00:00" />
<meta name="twitter:card" content="summary_large_image" />
<meta name="twitter:site" content="@MusicaSantJosep" />
<script type="application/ld+json" class="yoast-schema-graph">{"@context":"https://schema.org","@graph":[{"@type":"WebPage","@id":"https://musica.santjosep.org/es/recintos-santjosep/","url":"https://musica.santjosep.org/es/recintos-santjosep/","name":"Recintos - Sant Josep és música","isPartOf":{"@id":"https://musica.santjosep.org/es/#website"},"datePublished":"2022-01-13T12:21:45+00:00","dateModified":"2022-01-17T13:00:55+00:00","breadcrumb":{"@id":"https://musica.santjosep.org/es/recintos-santjosep/#breadcrumb"},"inLanguage":"es","potentialAction":[{"@type":"ReadAction","target":["https://musica.santjosep.org/es/recintos-santjosep/"]}]},{"@type":"BreadcrumbList","@id":"https://musica.santjosep.org/es/recintos-santjosep/#breadcrumb","itemListElement":[{"@type":"ListItem","position":1,"name":"Portada","item":"https://musica.santjosep.org/es/"},{"@type":"ListItem","position":2,"name":"Recintos"}]},{"@type":"WebSite","@id":"https://musica.santjosep.org/es/#website","url":"https://musica.santjosep.org/es/","name":"Sant Josep és música","description":"Información actualizada de todos los conciertos, grupos y artistas que actúen tanto en fiestas y festivales, como en establecimientos privados en el municipio de Sant Josep de sa Talaia","publisher":{"@id":"https://musica.santjosep.org/es/#organization"},"potentialAction":[{"@type":"SearchAction","target":{"@type":"EntryPoint","urlTemplate":"https://musica.santjosep.org/es/?s={search_term_string}"},"query-input":{"@type":"PropertyValueSpecification","valueRequired":true,"valueName":"search_term_string"}}],"inLanguage":"es"},{"@type":"Organization","@id":"https://musica.santjosep.org/es/#organization","name":"Sant Josep és música","url":"https://musica.santjosep.org/es/","logo":{"@type":"ImageObject","inLanguage":"es","@id":"https://musica.santjosep.org/es/#/schema/logo/image/","url":"https://musica.santjosep.org/wp-content/uploads/2022/01/logo-SJEM.png","contentUrl":"https://musica.santjosep.org/wp-content/uploads/2022/01/logo-SJEM.png","width":213,"height":103,"caption":"Sant Josep és música"},"image":{"@id":"https://musica.santjosep.org/es/#/schema/logo/image/"},"sameAs":["https://www.facebook.com/Sant-Josep-s-Msica-105337042007790","https://x.com/MusicaSantJosep","https://www.instagram.com/musicasantjosep/","https://www.youtube.com/channel/UCBSLSUpqfrfsiOMVslmZEJA"]}]}</script>
<!-- / Yoast SEO plugin. -->

Recintos - Sant Josep és música

[vc_row][vc_column][vc_custom_heading source=»post_title» font_container=»tag:h1|text_align:center|color:%23ca6702&#8243; use_theme_fonts=»yes»][vc_column_text] Auditorios, centros culturales y recintos públicos al aire libre de Sant Josep de sa Talaia donde la música cobra protagonismo [/vc_column_text][/vc_column][/vc_row]

Sant Josep és música

Información actualizada de todos los conciertos, grupos y artistas que actúen tanto en fiestas y festivales, como en establecimientos privados en el municipio de Sant Josep de sa Talaia
